when (-15)/2*(-16)/6 is divided by b?
8
Let f = 104 + -2. Let d = 67 - 46. What is the remainder when f is divided by d?
18
Let a(q) = -q**3 - 7*q**2 + 4*q - 26. Let p be a(-8). What is the remainder when 61 is divided by (-4)/(-14)*p*(-168)/(-16)?
7
Let s(r) = r**3 + 6*r**2 + 2*r + 2. Suppose -14*d = -23*d - 27. What is the remainder when s(d) is divided by 12?
11
Let b(g) = g**2 - 2*g + 18. Let z be b(11). Suppose -14*m = -5*m - z. Let o(a) = 2*a**2. What is the remainder when o(-5) is divided by m?
11
Let d be (2 + -4 - (-2)/2) + -15. What is the remainder when -1 - -104 - (4 + d/4) is divided by 15?
13
Let r(t) = 13*t - 3. Let m be r(-1). Let x(l) = -l**3 - 17*l**2 - 18*l - 21. Calculate the remainder when 31 is divided by x(m).
9
Let x = -116 + 70. Let v = -37 - x. What is the remainder when 42 is divided by v?
6
Let p = 41 + 31. Let w(j) = -j**2 + 14*j + 13. Calculate the remainder when p is divided by w(12).
35
Let l = 23 - 5. Let p = 43 - 20. What is the remainder when (-134)/(-3) + (-12)/l is divided by p?
21
What is the remainder when ((-156)/(-8)*-1)/(1/(-6)) is divided by 15?
12
Suppose -z + 265 = 4*h - 234, -5*h - 3*z = -629. What is the remainder when h is divided by 33?
25
Suppose 0 = -g + 4*g - 135. Calculate the remainder when g is divided by 15.
0
Let c(j) be the third derivative of -17*j**4/24 - 14*j**3/3 + 12*j**2. What is the remainder when c(-3) is divided by 9?
5
Let w be (-2)/(-12) - (-58)/12. Suppose 14 = w*m - 26. Let f = m + 2. What is the remainder when 16 is divided by f?
6
Suppose -4*r - 3*p = -35, 3*r + 36 = -3*p + 63. Let c = -38 - 53. Let l = -38 - c. What is the remainder when l is divided by r?
5
What is the remainder when 4*((2 - 2) + 1) is divided by (-9)/(-3) + 1*-2?
0
Let x(k) = -k + 21. Let h be x(5). What is the remainder when 112 is divided by 448/20 + (-1 - h/(-10))?
20
Suppose -81 = -2*d + 47. What is the remainder when 639 is divided by d?
63
Let h(a) = -223*a**3 + 2*a**2 + a. Let f(y) = -y - 4. Let j be f(-3). Let u be h(j). What is the remainder when (-4)/(-20) + u/5 is divided by 23?
22
Suppose -3*y = -y - 4*d + 8, -2*d + 6 = 0. Suppose k - v - 52 = 0, -k - y*k + 166 = -5*v. What is the remainder when k is divided by 10?
7
Let d(t) = t**3 - 3*t**2 - 2. Let c be d(3). Let p(w) = -w**2 - 13*w - 36. What is the remainder when 117/(-6)*c/3 is divided by p(-5)?
1
Let p = -210 + 236. Calculate the remainder when 40 is divided by p.
14
Let j = 17 - -46. Suppose 2*n + 5*d - 84 = 0, -144 = -5*n + 2*d + 8. What is the remainder when j is divided by n?
31
Let o be (69/6)/((-3)/(-6)). Suppose 0*v - 2*y - 3 = -v, -v + o = 3*y. Let k = v - 2. Calculate the remainder when 25 is divided by k.
7
Let u(o) = 18*o - 85. Calculate the remainder when u(8) is divided by 15.
14
Let d = 501 + -503. Let g(p) be the second derivative of -p**5/20 - p**4/6 - p**3/3 + p**2 - p. Calculate the remainder when 17 is divided by g(d).
5
Let x(j) = -2*j**2 + 3*j + 11. Let v be x(4). Let g = 42 - 29. Calculate the remainder when -3 + v/((-18)/80) is divided by g.
11
Let v = -6 - -1. Let r(h) = h**3 + 8*h**2 + 15*h + 7. What is the remainder when 34 is divided by r(v)?
6
Let v(d) be the first derivative of -d**3/3 - 4*d**2 + 11*d + 7. What is the remainder when 68 is divided by v(-6)?
22
Suppose 2*v = -5*i + 53, -3*v + 3*i - 29 = -4*v. Calculate the remainder when 2367/45 + 6/(-10) is divided by v.
10
Let h = -1745 + 1817. Calculate the remainder when 1653 is divided by h.
69
Let m = 42 + -53. Let r = m - -22. What is the remainder when 19 is divided by r?
8
Let v be -3*(-2)/6 - 8. Let y(o) = o**3 + 7*o**2 - 8*o + 5. Calculate the remainder when y(v) is divided by 13 + -5*3/(-5).
13
Calculate the remainder when (35 - -54) + (-2 - -9) is divided by 16.
0
Let m = 18 + -1. Let x(u) = -u**3 - 13*u**2 - 24*u + 20. Calculate the remainder when x(-11) is divided by m.
8
Let w = -2 + -26. Let y = w + 28. Suppose y = -4*g + 6*g - 46. Calculate the remainder when g is divided by 8.
7
Let z = 169 + -55. What is the remainder when z is divided by 54?
6
Let f(d) = -26*d + 192. Calculate the remainder when 37 is divided by f(7).
7
Suppose -2*v + 5*q + 204 - 10 = 0, 5*v - 455 = 5*q. Let y(i) = i**3 + 2*i**2 - i + 3. Calculate the remainder when v is divided by y(3).
42
Let l = 95 + -66. What is the remainder when 85 is divided by l?
27
Suppose 2*h = -5*t - 19 - 11, 0 = -3*t + h - 7. Let w be 12/t + (15 - -2). What is the remainder when 41 is divided by ((-6)/3)/((-2)/w)?
13
Let i(s) = -s**3 + 2*s**2 + 9*s + 45. Suppose 0 = -0*h + h - 179. What is the remainder when h is divided by i(0)?
44
Let t = 7 - 6. Suppose -2*a - 4*y + 22 = 0, 4*y - 39 - t = -4*a. What is the remainder when 17 is divided by a?
8
Calculate the remainder when 1098 is divided by (-368)/(-8) + 52/13.
48
Suppose 135 = 11*t - 52. What is the remainder when 32 is divided by t?
15
Suppose 18*a = 28*a - 500. Calculate the remainder when a is divided by 13.
11
Let n = -437 + 458. What is the remainder when n is divided by 10?
1
Let j = 50 + -117. Let c = j + 79. What is the remainder when 250 is divided by c?
10
Let u be 3*-2*1 - -2 - 26. Let b = 47 + u. Calculate the remainder when 48 is divided by b.
14
Let b(h) = -h**2 - 20*h - 12. Let z be b(-12). Suppose 3*p - 81 = -5*c, 5*c + 0*p - z = -2*p. Let w = c - 14. Calculate the remainder when 18 is divided by w.
2
Let y be 3*(-10)/75 - (-24)/10. Suppose -y*n + 104 = -78. What is the remainder when n is divided by 47?
44
Suppose 0 = -18*j + 8592 + 6204. Calculate the remainder when j is divided by 15.
12
Let t(p) = -5*p**3 - 4*p**2 - 2*p + 1. Let f(y) = 9*y**3 + 7*y**2 + 4*y - 3. Let l(q) = -3*f(q) - 5*t(q). What is the remainder when l(-3) is divided by 12?
7
Suppose -2*j - 13 + 5 = -2*v, 5*v - 4*j = 19. Let w(g) = 2 + 5 - v + 3*g + 1. Calculate the remainder when w(8) is divided by 11.
7
Let k(s) = 7*s**2 + 12*s + 5. Let w(c) = -6*c**2 - 12*c - 6. Let p(n) = 5*k(n) + 6*w(n). What is the remainder when p(-9) is divided by 10?
6
Suppose -r + 11 = 2*a, 0 = -6*r + 3*r + 9. Calculate the remainder when (-2 + 2/a)*-46 is divided by 18.
15
Suppose -5*c - 33 - 32 = -4*q, 2*q + 26 = -2*c. Let a = -7 - c. What is the remainder when (-12)/(-8)*(-92)/(-6) is divided by a?
5
Suppose z + 3*x = 42, 2*z - 147 = -2*z - 5*x. Let s(y) be the first derivative of -y**2/2 + 2*y + 11. Calculate the remainder when z is divided by s(-4).
3
Let p(f) = 39*f**2 - 3*f + 3. Calculate the remainder when 233 is divided by p(1).
38
Let s(v) = -3*v**3 - 5*v**2 - 6*v - 2. What is the remainder when s(-3) is divided by 22?
8
Let o be (-3 - -1 - -4) + 79. Suppose -m - 4*g + 96 = m, -2*m + o = -g. What is the remainder when m is divided by 57/6 - 9/(-6)?
9
Suppose m - 3*b - 3 = 1, -b = 0. Suppose m*s - 188 = -44. Calculate the remainder when 107 is divided by s.
35
Let c(o) = 13*o**3 + 3*o + 2. Let y be c(-1). Let v = y + 18. Suppose -21 - 3 = -v*s. What is the remainder when 17 is divided by s?
5
Let o(j) = j**3 + 13*j**2 + 7*j - 12. Suppose 0 = -2*s - p - 27, -2*p = p + 9. What is the remainder when o(s) is divided by 10?
8
Suppose 103*r - 131*r + 3360 = 0. Calculate the remainder when 479 is divided by r.
119
Suppose 0 = 2*l + w - 13, 3*w = 5*l - 45 - 4. Suppose -85 - 181 = -7*s. What is the remainder when s is divided by l?
6
Suppose 0 = -429*j + 433*j - 1316. What is the remainder when j is divided by 66?
65
Let g = -24 - -22. Let n(y) = 5*y**2 + 3*y + 3. Let q = 6 + 25. Calculate the remainder when q is divided by n(g).
14
Suppose -7*s - 5*s - 144 = -24*s. Calculate the remainder when -2 - (-121 - 1)/2 is divided by s.
11
Let n(h) = -72*h**2 + 359*h + 22. Suppose b - 100 = -0*b. Calculate the remainder when b is divided by n(5).
15
Let l be (-2)/(-10) + (-24)/(-5). Let k = l - 3. What is the remainder when (1/(-2))/(2/(-8)) is divided by k?
0
Suppose 0 = 4*j + 23 - 39. Calculate the remainder when 5 is divided by j.
1
Let k = -13 + 26. Suppose 10*u - u = u. Suppose -3*c = -24 - u. Calculate the remainder when k is divided by c.
5
Let r(c) = c**2 - 12*c + 15. Let v be r(11). Suppose -v*a = a - 360. Calculate the remainder when a is divided by 25.
22
Let t = -392 - -470. What is the remainder when 230 is divided by t?
74
Suppose 0 = 58*h - 245 - 973. Let s(x) = 7*x